 -4*m = -5*i - 46, -7*i + 5*i - 66 = -5*m. Calculate the greatest common factor of m and g.
14
Let h be ((-1)/3 - (-28)/12) + 514. Calculate the greatest common factor of 43 and h.
43
Let n be 25 - (-4 + 6)/2. Let j be 117/26*(-4)/(-6). Calculate the greatest common divisor of j and n.
3
Suppose 3*g - 5*y = 230, -28*g + 26*g + y + 165 = 0. Calculate the highest common divisor of g and 1955.
85
Let c = 1 - -2. Let m = -288 + 323. Suppose -c*d + m = 4*k, 3*k = -k - 4*d + 32. Calculate the greatest common divisor of 77 and k.
11
Let z(y) = -y**3 - 22*y**2 - 32*y - 35. Let p be z(-21). Calculate the greatest common factor of 21 and p.
7
Suppose 2*m - 30 = 2*a, 0*m - 4*a = 5*m - 93. What is the greatest common divisor of m and 221?
17
Suppose 29*s - 27*s = 64. Let k be 129 + -2*4/8. Calculate the greatest common factor of s and k.
32
Let u(v) = -14*v + 37. Let s be u(2). What is the greatest common factor of s and 153?
9
Suppose 2*k - 5*m - 45 = 0, 5*k + 13 = 2*m + 73. Let s = -518 - -528. What is the highest common factor of s and k?
10
Let l be (-56)/84*6/4 + 25. Calculate the highest common divisor of 552 and l.
24
Let h(j) = j + 17. Let n be h(-11). Let k(z) = 7*z**3 + 2*z**2 - z - 2. Let r be k(-2). Let v = r + 78. Calculate the highest common divisor of v and n.
6
Suppose -4*y - 16 = -4*s, -5*s + 0*y = 5*y - 40. Let k be ((-27)/12 - 0)/(6/(-16)). Suppose 0 = -k*f + 2*f + 16. What is the greatest common factor of f and s?
2
Suppose -3*i - 5*k + 99 = 0, -3*i + 163 = -5*k + 34. Let g = i - 7. Let d be (-306)/(-10) + (-8)/(-20). Calculate the greatest common factor of d and g.
31
Suppose 161 - 85 = 19*b. Calculate the highest common factor of 236 and b.
4
Suppose 4*j - 56 = -4*n, 5*n + 17 = -3*j + 51. What is the highest common divisor of 66 and j?
6
Suppose 3*f - 4*h - 108 = 0, 4*h - 12 + 0 = 0. Calculate the greatest common divisor of f and 1340.
20
Let a be (-3 - -2)*-233 + -1. What is the highest common divisor of a and 32?
8
Let b(w) = -30*w - 30. Let a be b(-2). Calculate the greatest common factor of 60 and a.
30
Suppose -2*x + 4*q + 20 = 0, -4*q - 51 = 2*x - 111. What is the greatest common divisor of x and 50?
10
Suppose t - 4*w = -72, -4*t - 2*w - 203 = -w. Let s = 203 - 231. Let f = s - t. Calculate the highest common divisor of f and 16.
8
Let o = 345 - 318. What is the greatest common divisor of 27 and o?
27
Let a(s) = -486*s - 534. Let h be a(-3). Calculate the highest common factor of 132 and h.
132
Suppose -3*v - s + 95 = 0, -3*v + 48 + 51 = -3*s. Let g(b) = 31*b**2 - 187*b + 14. Let m be g(6). Calculate the greatest common divisor of m and v.
8
Suppose -4*x + 0*k = -3*k - 83, 5*k - 75 = -4*x. Suppose 1 = -3*b + 31. Calculate the greatest common factor of b and x.
10
Let d(b) = 19*b - 21. Let h be d(7). Calculate the greatest common factor of 48 and h.
16
Suppose 4*z + 12 = 7*z. Let g be ((-10)/z)/(1/(-10)). Suppose 2*m - 10 = -0*m. Calculate the greatest common divisor of g and m.
5
Let l(a) = a**3 - 12*a + 179. Let m be l(9). Calculate the highest common factor of m and 32.
32
Suppose -2*z + 4*u + 764 = 0, -4*u - 2105 = -5*z - 225. Suppose 31*f + z = 35*f. Calculate the highest common divisor of 31 and f.
31
Let g(z) = -z**3 + 32*z**2 - 19*z - 306. Let n be g(31). Calculate the greatest common divisor of 66 and n.
66
Let a be (-4 - -3)*-55 + 2. Suppose -3*r = -3*m - 66, 2*r - 35 = -0*r - m. What is the greatest common divisor of a and r?
19
Suppose 2 = 2*s, -j + s + 2*s - 6 = 0. Let f be (2 + 4/1)/(j/(-5)). What is the highest common divisor of 4 and f?
2
Let o be -2 + 2 - -1 - 2. Let b(u) = -7*u - 3. Let s be b(o). What is the greatest common divisor of s and 2?
2
Suppose -l = -0*l - 75. Let x(k) be the first derivative of k**4/4 + 3*k**3 + 7*k**2/2 + 7*k + 5. Let c be x(-8). What is the highest common divisor of c and l?
15
Suppose -394 = -3*u - 349. Calculate the greatest common divisor of u and 1.
1
Let w(t) be the first derivative of t**4/4 + 5*t**3/3 - 4*t**2 - 5*t + 24. Let l be w(-6). Calculate the greatest common factor of 84 and l.
7
Let o be (-4)/(-6) + (1 - 277/(-3)). Let w = o - 52. Calculate the highest common factor of w and 56.
14
Let h = 54 + -48. Let i be (-1)/((-4)/(-9))*(-80)/h. What is the highest common factor of 20 and i?
10
Let q(t) = t**3 + 25*t**2 + 16*t - 48. Let d be q(-24). Calculate the highest common divisor of d and 18.
18
Let a(j) = 72*j**2 - 3*j - 2. Let z be a(-1). Suppose -7*h + z = -207. Suppose -3*x + 0*x = -30. What is the greatest common factor of x and h?
10
Let n be 8/1 - ((-25)/5 + 8). Calculate the highest common factor of n and 110.
5
Let b be -42 + 93 - (-2)/(2/2). Let c = 0 - 0. Suppose c = -m + b + 52. Calculate the greatest common divisor of m and 42.
21
Suppose m - 3*m + 22 = 0. Suppose 2*z = -11 + 91. Suppose 0 = -3*l - l - c + z, -3*c - 45 = -3*l. What is the greatest common factor of m and l?
11
Let v(u) = 3*u + 80. Let r be v(-24). Suppose -5*d = -0*q - q - r, 4*d - q = 7. What is the greatest common divisor of 1 and d?
1
Suppose 5*i = -3*z + 409, -449 = -3*z + 6*i - i. Calculate the greatest common factor of 26 and z.
13
Suppose 0 = 13*x - 416 + 234. Suppose r + 2*w = 23, 3 = 4*r - w - 80. What is the greatest common divisor of r and x?
7
Let l(r) = -r**2 - 33*r + 465. Let s be l(-28). Calculate the highest common divisor of s and 15.
5
Suppose -y + 9 = 5. Suppose 2*l - 68 = -y*c, -l + 28 = c - 2*c. Calculate the highest common factor of 270 and l.
30
Suppose -l - 5*r + 5 = 0, -4*l + 2*r = -1 - 41. Let t(v) = v**3 - v**2 - 17. Let k be t(0). Let m = k + 77. Calculate the highest common divisor of m and l.
10
Let h be 54900/90 - (-1 + -5). Calculate the greatest common divisor of h and 168.
56
Let q be 2025 - (4 + -9 - (-8 - -8)). What is the greatest common factor of 7 and q?
7
Suppose -18*y = -13*y - 2*q - 67, q - 64 = -5*y. What is the greatest common factor of y and 1?
1
Let m(o) = o - 5. Let q be 184/18 + 2/(-9). Let i be m(q). Suppose i*t - t = 4. What is the highest common factor of 11 and t?
1
Let g(n) = 132*n + 6 + 4 - 127*n - 1. Let y be g(4). What is the greatest common factor of y and 232?
29
Let d = -35 - -44. Suppose -d*c + 6*c + 6 = 0. What is the greatest common divisor of 16 and c?
2
Let x = 12 - -12. Suppose -26*q + 24 = -25*q - k, -120 = -5*q - 5*k. What is the greatest common factor of q and x?
24
Suppose 0 = 13*j + 55 - 887. Suppose -h - 2*t + 14 = 3*t, 0 = -3*h + t + 10. Let b be (h/6)/(4/96). What is the highest common divisor of j and b?
16
Suppose -2*l = 0, 0*l + l = 2*d + 24. Let u be d/(-1)*(-6)/(-12). Suppose 10*o + 4*o - 210 = 0. What is the highest common factor of u and o?
3
Suppose -h - 4*h = 0. Suppose h = -5*r + 112 + 48. Suppose 0 = g - 3*g + r. What is the highest common factor of g and 16?
16
Let i be 7 - 100/15 - (-118)/6. Let t be (-8)/i - (-411)/(-15)*-1. Calculate the highest common divisor of t and 189.
27
Let s be 31/2*12/6. Suppose -3*f + s + 41 = 0. What is the greatest common factor of 8 and f?
8
Let l(n) = -n**3 - 5*n**2 + 13*n + 43. Let p be l(-6). Calculate the greatest common divisor of 8 and p.
1
Let q be (-186)/(-45) + -4 - 1196/(-30). Let w = -74 - -106. Calculate the highest common factor of w and q.
8
Let c(x) = 12*x + 98. Let o be c(-5). Calculate the greatest common divisor of o and 19.
19
Let z be (-1)/5 - 292/(-10). Let w be (-36918)/(-182) + 6/39. What is the highest common factor of z and w?
29
Suppose 23 + 125 = 2*z. Let q = z + -38. Calculate the greatest common factor of 18 and q.
18
Let j(p) be the third derivative of 37*p**4/24 - 2*p**3/3 + 16*p**2. Let v be j(1). Let z = -16 - -38. Calculate the highest common factor of z and v.
11
Let k = -268 - -472. Calculate the highest common factor of 12 and k.
12
Suppose 0 = -4*k + 1007 - 335. Let r be (0 - 2)/(-2)*(-1 - -22). What is the highest common factor of r and k?
21
Let g(f) = 6*f**2 + 3*f + 3. Let h be g(-2). Let j(v) = -v**3 - 31*v**2 - 8*v - 17. Let i be j(-31). What is the greatest common divisor of i and h?
21
Let s = -111 + 291. Calculate the greatest common divisor of 100 and s.
20
Suppose 6*x = 7*x - 184. Calculate the highest common factor of 207 and x.
23
Let j(x) = -x - 12. Let p be j(-16). Let f be (1/p)/(3/24). Suppose -2*m - b + 2*b + f = 0, 